4*q - 3*h + h - 76. Let o(j) = 5*j**2 + 2*j - 2. Calculate the remainder when q is divided by o(1).
4
Let i(s) = 35*s - 31. Let u be i(1). Suppose -t - u*w + 68 = 0, -15*t + 124 = -13*t + 4*w. What is the remainder when t is divided by 18?
2
Let z = 80 - 71. Suppose -3461*f + 3442*f = -1862. What is the remainder when f is divided by z?
8
Let n = -97 - -135. Suppose 5*s - 3*b = 541 - 161, 0 = -5*s - 3*b + 350. Calculate the remainder when s is divided by n.
35
Calculate the remainder when 3 + (-18 + 5524 - -24) is divided by 113.
109
Suppose -890*p = -771*p - 9639. Calculate the remainder when 173 is divided by p.
11
Suppose 4*b - 582 = 2*d, 5*b = -5*d - 93 + 813. Suppose 0 = f - 2*x + 28 - 79, -3*x + 242 = 5*f. Calculate the remainder when b is divided by f.
47
Let f = 353 + -340. Let d be (1 - 2 - -5) + -4. Suppose 4*b + 5*p = 49 - f, d = -b - 4*p - 2. Calculate the remainder when 26 is divided by b.
12
Suppose 20*b = -13*b + 23*b - 7*b. Let y be ((-6)/(-4))/(1/(-24)). Calculate the remainder when 122 is divided by 12/y + (228/9 - b).
22
Let b be (-4 - -4 - -1) + -3. Let v(h) = -11*h - 5. Let j be v(b). Let k = j - 5. What is the remainder when 46 is divided by k?
10
Suppose -3*f - 2 = -b, -5*f = -3*b - 0*f + 6. Suppose -2*c + 8*x + 44 = 3*x, 0 = -4*c + b*x + 104. Calculate the remainder when c is divided by 2.
1
Let k = 464 + -443. Calculate the remainder when 113 is divided by k.
8
Let c = 329 + -166. Let y(z) = 649*z - 36303. What is the remainder when c is divided by y(56)?
40
What is the remainder when 374 is divided by 162*(-2 + -1)/(3 - 12)?
50
Let k(z) = 5*z**2 + 4*z + 10. Let b be k(-4). Let y be (b/(-4))/((-3)/6). Suppose -4*s = 5 - y. What is the remainder when s is divided by 5?
3
Let f = 13943 + -13864. Calculate the remainder when 107 is divided by f.
28
Let f be (-4 - (-65 - 6)) + 4. Let r = f - 28. Calculate the remainder when r is divided by 15.
13
Suppose -3*v - 4*b + 171 = -28, v - b - 71 = 0. Suppose 0*u = 3*u - v. What is the remainder when u is divided by ((-107)/321)/(1 - 43/42)?
9
Let i = -85 - -252. Suppose -7*w = 97 - 335. What is the remainder when i is divided by w?
31
Suppose -5*y - 5*g = -100435, 3*y + 5*g - 71851 = -11602. What is the remainder when y is divided by 197?
196
Let h(p) = p**3 - 19*p**2 - 20*p + 6. Let q be h(20). Suppose 0 = -4*g + 2*y - 34, 4*g + 31 + 4 = y. What is the remainder when 0 - g - 3/q*-4 is divided by 3?
2
Let m = 638 + -1034. Let k(a) = a**3 - 5*a**2 + 3*a - 1. Calculate the remainder when k(5) is divided by (12/9)/((-48)/m).
3
Calculate the remainder when ((-104)/16 - -7) + 4791/6 is divided by 216.
151
Suppose 316*n = 13993 + 44085 + 201358. Calculate the remainder when n is divided by 7.
2
Let j = -2678 - -2705. What is the remainder when 70 is divided by j?
16
Let f = 5101 - 4027. Calculate the remainder when f is divided by 32.
18
Suppose -3*j = 3*d, -3*j - 5 = 5*d - 3*d. Calculate the remainder when (d + 3843/14)*2 is divided by 28.
27
Let u(g) = 4*g**3 + 2*g**2 - 3*g + 1. Suppose 0 = -5*v + 5*h + 160, 118 = -328*v + 333*v + 2*h. Calculate the remainder when v is divided by u(1).
2
Let k(j) = -4*j**3 - j**2 + 20*j + 144. What is the remainder when k(-9) is divided by 140?
139
Let h(i) = 5*i**2 + 24*i. Suppose 10*g = 2*g + 176. Suppose 3*s + g - 7 = 0. What is the remainder when 11 is divided by h(s)?
1
Suppose -8*g + 539 = -g. Let z(s) = 21*s + 181. Calculate the remainder when g is divided by z(-8).
12
Suppose 136 + 130 = 7*n. What is the remainder when n is divided by 24?
14
Suppose 15*u - 65570 = -68*u. What is the remainder when u is divided by 11?
9
Let a = -87 + 147. Suppose 0 = 5*f + 5, 3*l - 4*l + 5*f = -a. Calculate the remainder when l is divided by 28.
27
Suppose 260*z - 4294 = 11306. What is the remainder when 9838 is divided by z?
58
Calculate the remainder when (-10)/((-70)/1533) - -14 is divided by 42.
23
Suppose -8*c - k = -3*c + 25, -2*c - 3*k = 23. Let q be 2*((-258)/c)/(-3). Let x = q + 62. Calculate the remainder when 72 is divided by x.
15
Suppose -10*h + 363 = 343. Calculate the remainder when 1303 is divided by h.
1
Let r be (-1)/(-2 + 2 - 1). Suppose -3*j - j - 4 = -4*b, 2*b + 5*j - 37 = 0. Suppose -b*i - r = -19. What is the remainder when i is divided by 3?
0
Let w be 10/((-3 + -1)/(-4)). Let v be 5*(252/w)/(-3). Let k = v - -46. What is the remainder when 11 is divided by k?
3
Let j be (-2 + 3 + -2)*-2. Let q be -5 - 105/6*(-20)/25. Suppose -2*v = j*o - 12, -v + o = -3*v + q. Calculate the remainder when 4 is divided by v.
1
Let h(q) be the third derivative of q**4/2 - 14*q**3/3 + q**2 - 16. Calculate the remainder when 55 is divided by h(4).
15
Let r be 1/(-1)*(-5 + 6) - -1. Suppose r = -14*v + 2500 + 1700. What is the remainder when v is divided by 61?
56
Let z(q) = q**3 + 19*q**2 + 40*q + 125. Calculate the remainder when 128 is divided by z(-17).
13
Let k = 112 + -74. Suppose 13*t = 10*t + h - 2089, 5*h - 3495 = 5*t. What is the remainder when k is divided by (-1)/(5*-1) - 15151/t?
16
Let c = 1242 + -1219. What is the remainder when (26/(-2))/((-126)/60 - -2) is divided by c?
15
Let n be (5 - 8) + 1096/4. Suppose -5*r = -4*j + n, -51 = r - 0*r - 4*j. Let q = r + 75. Calculate the remainder when 29 is divided by q.
9
Let y = 349 - 300. What is the remainder when 343 - ((-6)/21)/((-6)/42) is divided by y?
47
Let d = 12 - 5. Let h(f) = -f**3 + 15*f**2 + 13*f + 21. Let o be h(15). Suppose o = 4*m + 5*m. Calculate the remainder when m is divided by d.
3
What is the remainder when 1175 is divided by 18/(684/(-95)) + (-39)/(-2) + -1?
7
Suppose -3*s + 115 = -56. Let c(a) = -11*a + 5. Let i be c(0). What is the remainder when (222/24)/((10/24)/i) is divided by s?
54
Let a = 2731 - 2717. What is the remainder when a is divided by 6?
2
Let h = 3303 + -2597. What is the remainder when h is divided by 101?
100
Suppose -99 + 25 = -2*m. Let d = 66 - m. Suppose 0 = -329*q + 333*q - 224. What is the remainder when q is divided by d?
27
Let w(r) be the first derivative of r**3/3 + 5*r**2 + 22*r + 152. Calculate the remainder when 233 is divided by w(0).
13
Let u(v) = -v - 12. Let r be u(-15). Suppose 0 = r*x + 6, 26 = -h + 4*x - 146. Let b = -134 - h. What is the remainder when b is divided by 12?
10
Let a(l) = -133*l - 1283. Calculate the remainder when 179 is divided by a(-10).
38
Suppose 5*u = u + 20, -b + 4*u - 8 = 0. Let o(h) = -h**2 - 2*h - 16. Let l be o(-7). Let d = l + 56. Calculate the remainder when b is divided by d.
2
Suppose -4*m = 2*b - 34, 3*m = -b + 36 - 9. Let n be 1 - 2 - 82/(-2). Suppose -v + n = m. Calculate the remainder when 87 is divided by v.
27
Calculate the remainder when 451 is divided by ((-19)/2)/((-108)/1080).
71
Let b(i) = i**3 - 57*i**2 - 58*i + 8. Let z be b(58). Suppose -z*g = -809 - 279. What is the remainder when g is divided by 65?
6
Calculate the remainder when 410 is divided by (-108)/180*(-52 - -2).
20
Let v = 2220 + -2157. What is the remainder when 10578 is divided by v?
57
What is the remainder when 10618 is divided by 1 + (-13 - -7) + 18 + 0?
10
Let m be 42/(-4)*(-48)/36. Let c(k) = 7*k - 7. Calculate the remainder when c(m) is divided by 29.
4
Let m = 272 + -495. Let r = 246 - m. What is the remainder when r is divided by 79?
74
Let r(a) = -3*a**3 + 17*a**2 - 7*a - 3. Let d(q) = -4*q**3 + 19*q**2 - 8*q - 3. Let f(g) = -4*d(g) + 5*r(g). What is the remainder when 39 is divided by f(-9)?
15
What is the remainder when -37 + 14 + 50904/14 is divided by 145?
133
Suppose -345 = -3*d + 2*h, 488 = 5*d + 2*h - 103. What is the remainder when d is divided by (-458)/(-20) + 16/(-40) - (-12)/8?
21
Suppose -2*v - 25*o + 29*o + 36 = 0, -4*v - 4*o = -108. What is the remainder when (-18)/(-3)*18 - -2 is divided by v?
14
Suppose -2139 = -5*h - 4*d, -3*h + 4*d + 1309 = -0*h. Let w(k) = 7*k - 4. Calculate the remainder when h is divided by w(5).
28
Let f be 4 - (-16)/(-3) - 50/(-6). Suppose 3*r - 1610 = -2*i + f*r, 1610 = 2*i - 3*r. What is the remainder when i is divided by 101?
98
Suppose -6*s + 433 = 1387. Let v = s + 164. What is the remainder when 27 is divided by v?
2
Let r(j) = -4*j - 3. Let p be r(-4). Suppose -61 = -4*y - p. What is the remainder when ((-319)/(-22) + -17)*(-2 - 648/30) is divided by y?
11
Suppose 0 = 5*w - 